{"id":29534,"date":"2025-08-19T13:44:59","date_gmt":"2025-08-19T10:44:59","guid":{"rendered":"https:\/\/ozsmtmekanik.com.tr\/?post_type=product&#038;p=29534"},"modified":"2025-08-19T13:45:50","modified_gmt":"2025-08-19T10:45:50","slug":"manyetik-kapi-tutucu","status":"publish","type":"product","link":"https:\/\/ozsmtmekanik.com.tr\/index.php\/urun\/manyetik-kapi-tutucu\/","title":{"rendered":"Manyetik Kap\u0131 Tutucu"},"content":{"rendered":"","protected":false},"excerpt":{"rendered":"<p>Manyetik kap\u0131 tutucular, kap\u0131lar\u0131n a\u00e7\u0131k konumda sabitlenmesini sa\u011flayan ve yang\u0131n an\u0131nda otomatik olarak kapanmas\u0131na imk\u00e2n veren g\u00fcvenlik ekipmanlar\u0131d\u0131r. Yang\u0131n alg\u0131lama sistemleriyle entegre \u00e7al\u0131\u015farak g\u00fcvenli\u011fi art\u0131r\u0131r ve kullan\u0131m kolayl\u0131\u011f\u0131 sunar.<\/p>\n","protected":false},"featured_media":29535,"comment_status":"closed","ping_status":"closed","template":"","meta":[],"product_brand":[],"product_cat":[104],"product_tag":[],"class_list":{"0":"post-29534","1":"product","2":"type-product","3":"status-publish","4":"has-post-thumbnail","6":"product_cat-manyetik-kapi-tutucu","8":"first","9":"instock","10":"shipping-taxable","11":"product-type-simple"},"_links":{"self":[{"href":"https:\/\/ozsmtmekanik.com.tr\/index.php\/wp-json\/wp\/v2\/product\/29534","targetHints":{"allow":["GET"]}}],"collection":[{"href":"https:\/\/ozsmtmekanik.com.tr\/index.php\/wp-json\/wp\/v2\/product"}],"about":[{"href":"https:\/\/ozsmtmekanik.com.tr\/index.php\/wp-json\/wp\/v2\/types\/product"}],"replies":[{"embeddable":true,"href":"https:\/\/ozsmtmekanik.com.tr\/index.php\/wp-json\/wp\/v2\/comments?post=29534"}],"version-history":[{"count":1,"href":"https:\/\/ozsmtmekanik.com.tr\/index.php\/wp-json\/wp\/v2\/product\/29534\/revisions"}],"predecessor-version":[{"id":29536,"href":"https:\/\/ozsmtmekanik.com.tr\/index.php\/wp-json\/wp\/v2\/product\/29534\/revisions\/29536"}],"wp:featuredmedia":[{"embeddable":true,"href":"https:\/\/ozsmtmekanik.com.tr\/index.php\/wp-json\/wp\/v2\/media\/29535"}],"wp:attachment":[{"href":"https:\/\/ozsmtmekanik.com.tr\/index.php\/wp-json\/wp\/v2\/media?parent=29534"}],"wp:term":[{"taxonomy":"product_brand","embeddable":true,"href":"https:\/\/ozsmtmekanik.com.tr\/index.php\/wp-json\/wp\/v2\/product_brand?post=29534"},{"taxonomy":"product_cat","embeddable":true,"href":"https:\/\/ozsmtmekanik.com.tr\/index.php\/wp-json\/wp\/v2\/product_cat?post=29534"},{"taxonomy":"product_tag","embeddable":true,"href":"https:\/\/ozsmtmekanik.com.tr\/index.php\/wp-json\/wp\/v2\/product_tag?post=29534"}],"curies":[{"name":"wp","href":"https:\/\/api.w.org\/{rel}","templated":true}]}}